s 7 divide 1295?
True
Is 22017 a multiple of 99?
False
Is 67392 a multiple of 12?
True
Does 8 divide 840?
True
Does 46 divide 322?
True
Is 90 a factor of 4725?
False
Does 5 divide 615?
True
Is 8 a factor of 1546?
False
Does 9 divide 14805?
True
Is 8 a factor of 744?
True
Is 248 even?
True
Is 13505 a multiple of 37?
True
Is 1002 a multiple of 8?
False
Is 17 a factor of 1649?
True
Is 396 a multiple of 22?
True
Does 21 divide 750?
False
Is 20 a factor of 1054?
False
Is 38 a factor of 16758?
True
Is 1785 a multiple of 13?
False
Is 7 a factor of 8344?
True
Is 62 a factor of 3448?
False
Is 3315 a multiple of 15?
True
Is 46 a factor of 5723?
False
Is 33128 a multiple of 82?
True
Is 7 a factor of 58502?
False
Is 12 a factor of 336?
True
Does 58 divide 5916?
True
Is 34 a factor of 20910?
True
Is 5 a factor of 895?
True
Does 24 divide 331?
False
Is 651 a multiple of 2?
False
Is 49 a factor of 4388?
False
Does 3 divide 27?
True
Is 34 a factor of 612?
True
Does 67 divide 31995?
False
Is 10 a factor of 160?
True
Is 51 a factor of 12013?
False
Is 152 a multiple of 8?
True
Is 19 a factor of 295?
False
Is 92 a factor of 5711?
False
Is 22334 a multiple of 48?
False
Does 17 divide 67218?
True
Is 5044 a multiple of 52?
True
Is 620 a multiple of 65?
False
Does 8 divide 1169?
False
Does 29 divide 2668?
True
Is 280 a factor of 840?
True
Is 63 a factor of 2898?
True
Is 5850 a multiple of 90?
True
Is 9450 a multiple of 18?
True
Is 18104 a multiple of 9?
False
Does 38 divide 608?
True
Is 39 a factor of 10959?
True
Does 10 divide 558?
False
Is 4672 a multiple of 32?
True
Is 159 a multiple of 5?
False
Is 2221 a multiple of 37?
False
Is 7241 a multiple of 13?
True
Is 705 a multiple of 15?
True
Does 45 divide 33795?
True
Is 2448 a multiple of 16?
True
Does 48 divide 387?
False
Is 1217 a multiple of 23?
False
Does 29 divide 1413?
False
Does 7 divide 17941?
True
Does 3 divide 19110?
True
Is 4560 a multiple of 6?
True
Does 72 divide 1440?
True
Does 23 divide 1817?
True
Is 8 a factor of 21568?
True
Does 21 divide 217?
False
Does 18 divide 5886?
True
Is 3451 a multiple of 119?
True
Is 7952 a multiple of 169?
False
Does 74 divide 836?
False
Does 6 divide 1158?
True
Does 10 divide 501?
False
Does 54 divide 5178?
False
Is 312 a multiple of 104?
True
Does 165 divide 11880?
True
Is 2136 a multiple of 89?
True
Does 40 divide 36120?
True
Is 763 a multiple of 20?
False
Is 211 even?
False
Is 53 a factor of 44376?
False
Is 21 a factor of 495?
False
Does 6 divide 7439?
False
Does 32 divide 3693?
False
Is 315 a multiple of 13?
False
Is 161 a factor of 24480?
False
Is 620 a multiple of 18?
False
Is 17 a factor of 17380?
False
Is 95 a factor of 33029?
False
Does 120 divide 10560?
True
Is 9 a factor of 9542?
False
Is 322 a multiple of 18?
False
Is 4978 a multiple of 10?
False
Does 74 divide 786?
False
Does 15 divide 17490?
True
Is 1428 a multiple of 39?
False
Does 27 divide 487?
False
Does 21 divide 1785?
True
Is 180 a multiple of 20?
True
Is 31 a factor of 899?
True
Is 17 a factor of 2414?
True
Is 61 a factor of 20435?
True
Does 231 divide 431?
False
Does 22 divide 5456?
True
Is 21 a factor of 16768?
False
Is 1445 a multiple of 7?
False
Is 94 a factor of 1914?
False
Does 9 divide 38142?
True
Is 4550 a multiple of 65?
True
Is 294 a factor of 106134?
True
Is 12 a factor of 1452?
True
Is 6 a factor of 2957?
False
Is 1104 a multiple of 69?
True
Is 568 a multiple of 4?
True
Is 79 a factor of 24370?
False
Does 3 divide 1438?
False
Does 56 divide 363?
False
Is 18 a factor of 301?
False
Is 33 a factor of 2871?
True
Does 8 divide 56?
True
Is 5 a factor of 116?
False
Does 4 divide 6365?
False
Is 494 even?
True
Does 26 divide 130?
True
Does 8 divide 536?
True
Is 24 a factor of 207?
False
Is 8 a factor of 17786?
False
Does 42 divide 672?
True
Is 165 a factor of 24750?
True
Is 342 a multiple of 17?
False
Does 9 divide 49?
False
Does 105 divide 4620?
True
Is 26 a factor of 2704?
True
Is 371 a multiple of 19?
False
Is 8 a factor of 51473?
False
Is 1156 a multiple of 16?
False
Is 5 a factor of 325?
True
Is 10836 a multiple of 18?
True
Is 4 a factor of 10?
False
Is 2190 a multiple of 5?
True
Does 12 divide 35280?
True
Is 4665 a multiple of 12?
False
Is 1091 a multiple of 7?
False
Is 6386 a multiple of 31?
True
Is 4 a factor of 12488?
True
Is 275 a multiple of 11?
True
Does 92 divide 41584?
True
Is 2 a factor of 23?
False
Is 39 a factor of 10842?
True
Is 19 a factor of 1786?
True
Is 174 a multiple of 29?
True
Is 1280 a multiple of 40?
True
Is 2680 a multiple of 130?
False
Is 101 a factor of 5916?
False
Is 19 a factor of 5077?
False
Is 103 a factor of 3357?
False
Does 16 divide 776?
False
Does 8 divide 3584?
True
Is 3 a factor of 12906?
True
Is 18 a factor of 1620?
True
Is 5 a factor of 273?
False
Is 125 a factor of 20125?
True
Is 43 a factor of 2193?
True
Does 71 divide 7952?
True
Is 14874 a multiple of 67?
True
Is 1576 a multiple of 36?
False
Is 448 a multiple of 14?
True
Is 1205 a multiple of 5?
True
Is 11 a factor of 3102?
True
Is 139 a factor of 9608?
False
Is 2 a factor of 587?
False
Does 8 divide 774?
False
Is 64 a factor of 17920?
True
Is 61 a factor of 32513?
True
Is 2596 a multiple of 22?
True
Is 484 a multiple of 22?
True
Does 61 divide 42367?
False
Is 112 a factor of 1568?
True
Is 1032 a multiple of 63?
False
Is 18 a factor of 15804?
True
Is 832 a multiple of 16?
True
Does 4 divide 1466?
False
Is 33382 a multiple of 9?
False
Is 131 a factor of 9498?
False
Does 18 divide 5778?
True
Does 74 divide 53872?
True
Is 12 a factor of 6432?
True
Is 12 a factor of 1928?
False
Does 50 divide 63108?
False
Is 417 a multiple of 32?
False
Does 9 divide 2124?
True
Is 15 a factor of 1614?
False
Does 10 divide 6695?
False
Is 2090 a multiple of 10?
True
Does 35 divide 3115?
True
Does 39 divide 13962?
True
Is 19 a factor of 418?
True
Is 3023 a multiple of 14?
False
Does 35 divide 11622?
False
Does 128 divide 28672?
True
Is 7 a factor of 61047?
True
Is 17 a factor of 19040?
True
Is 587 a multiple of 43?
False
Does 81 divide 653?
False
Does 19 divide 216?
False
Does 74 divide 89?
False
Is 16 a factor of 7418?
False
Does 21 divide 959?
False
Is 4147 a multiple of 24?
False
Is 4 a factor of 155?
False
Does 297 divide 2142?
False
Is 363 a multiple of 11?
True
Does 3 divide 660?
True
Is 80 a factor of 7040?
True
Does 10 divide 7265?
False
Is 34 a factor of 2046?
False
Does 23 divide 529?
True
Is 207 a factor of 34983?
True
Is 46 a factor of 3591?
False
Is 115620 a multiple of 12?
True
Is 1527 a multiple of 25?
False
Does 150 divide 4234?
False
Is 1398 a multiple of 24?
False
Is 30 a factor of 1980?
True
Is 26 a factor of 481?
False
Is 129 a multiple of 2?
False
Does 3 divide 14532?
True
Is 194 even?
True
Is 19328 a multiple of 32?
True
Is 4920 a multiple of 30?
True
Does 77 divide 30960?
False
Does 13 divide 28427?
False
Is 1016 a multiple of 11?
False
Is 10537 a multiple of 9?
False
Is 23 even?
False
Is 26 a factor of 44824?
True
Does 10 divide 850?
True
Is 18 a factor of 918?
True
Does 83 divide 10188?
False
Does 28 divide 4139?
False
Is 13 a factor of 1014?
True
Is 10 a factor of 1730?
True
Is 22858 a multiple of 22?
True
Is 51946 a multiple of 32?
False
Does 10 divide 910?
True
Is 9746 a multiple of 109?
False
Does 13 divide 293?
False
Is 24 a multiple of 6?
True
Is 11 a factor of 2310?
True
Is 56 a multiple of 28?
True
Is 244 a multiple of 4?
True
Is 26 a factor of 642?
False
Is 14095 a multiple of 22?
False
Does 33 divide 12672?
True
Is 17 a factor of 483?
False
Is 174 a factor of 62814?
True
Is 648 a multiple of 8?
True
Is 11 a factor of 616?
True
Does 16 divide 2928?
True
Is 507 a multiple of 32?
False
Is 17 a factor of 7779?
False
Does 73 divide 38200?
False
Is 237 even?
False
Is 20 a factor of 5420?
True
Is 48 a factor of 3674?
False
Is 29 a factor of 509?
False
Does 59 divide 14876?
False
Does 46 divide 9936?
True
Is 41981 a multiple of 5?
False
Is 13952 a multiple of 32?
True
Is 46330 a multiple of 12?
False
Does 147 divide 95109?
True
Is 3696 a multiple of 44?
True
Is 18 a factor of 371?
False
Is 1547 a multiple of 21?
False
Is 3 a factor of 5234?
False
Is 413 a multiple of 6?
False
Does 14 divide 686?
True
Does 47 divide 7276?
False
Does 156 divide 14040?
True
Is 2842 a multiple of 58?
True
Does 2 divide 